the prime factors of 107343?
3, 11927
List the prime factors of 793.
13, 61
List the prime factors of 63679.
7, 11, 827
List the prime factors of 11501.
7, 31, 53
List the prime factors of 7255.
5, 1451
What are the prime factors of 4843?
29, 167
List the prime factors of 7388.
2, 1847
List the prime factors of 1165.
5, 233
List the prime factors of 1019.
1019
What are the prime factors of 373?
373
What are the prime factors of 6978?
2, 3, 1163
What are the prime factors of 2194?
2, 1097
What are the prime factors of 55499?
19, 23, 127
List the prime factors of 1663.
1663
List the prime factors of 444.
2, 3, 37
What are the prime factors of 21831?
3, 19, 383
What are the prime factors of 8067?
3, 2689
List the prime factors of 3311.
7, 11, 43
List the prime factors of 1926.
2, 3, 107
List the prime factors of 1286.
2, 643
List the prime factors of 70195.
5, 101, 139
What are the prime factors of 48524?
2, 7, 1733
List the prime factors of 1830.
2, 3, 5, 61
List the prime factors of 32901.
3, 11, 997
What are the prime factors of 4534?
2, 2267
What are the prime factors of 6275?
5, 251
What are the prime factors of 165533?
165533
List the prime factors of 902.
2, 11, 41
List the prime factors of 55.
5, 11
List the prime factors of 3044.
2, 761
List the prime factors of 699.
3, 233
List the prime factors of 5951.
11, 541
List the prime factors of 1132.
2, 283
What are the prime factors of 4324?
2, 23, 47
What are the prime factors of 1103?
1103
What are the prime factors of 335?
5, 67
List the prime factors of 1620.
2, 3, 5
List the prime factors of 1474.
2, 11, 67
List the prime factors of 2218.
2, 1109
List the prime factors of 34818.
2, 3, 7, 829
List the prime factors of 15562.
2, 31, 251
List the prime factors of 48503.
7, 13, 41
List the prime factors of 5247.
3, 11, 53
What are the prime factors of 35726?
2, 17863
List the prime factors of 3774.
2, 3, 17, 37
List the prime factors of 4151.
7, 593
List the prime factors of 11741.
59, 199
List the prime factors of 3059.
7, 19, 23
What are the prime factors of 1322?
2, 661
What are the prime factors of 103179?
3, 163, 211
What are the prime factors of 49225?
5, 11, 179
What are the prime factors of 21036?
2, 3, 1753
List the prime factors of 1078.
2, 7, 11
List the prime factors of 5077.
5077
What are the prime factors of 44783?
19, 2357
List the prime factors of 1685.
5, 337
What are the prime factors of 561?
3, 11, 17
List the prime factors of 71547.
3, 7, 3407
List the prime factors of 38661.
3, 7, 263
What are the prime factors of 28306?
2, 14153
What are the prime factors of 7029?
3, 11, 71
What are the prime factors of 11411?
11411
List the prime factors of 228.
2, 3, 19
List the prime factors of 19146.
2, 3, 3191
What are the prime factors of 78?
2, 3, 13
What are the prime factors of 117977?
117977
List the prime factors of 50989.
50989
List the prime factors of 2913.
3, 971
List the prime factors of 5459.
53, 103
List the prime factors of 134.
2, 67
What are the prime factors of 3561?
3, 1187
What are the prime factors of 30312?
2, 3, 421
What are the prime factors of 1811?
1811
What are the prime factors of 28624?
2, 1789
What are the prime factors of 37971?
3, 4219
What are the prime factors of 412?
2, 103
What are the prime factors of 763?
7, 109
List the prime factors of 109186.
2, 7, 11, 709
What are the prime factors of 1103?
1103
What are the prime factors of 1596?
2, 3, 7, 19
List the prime factors of 16100.
2, 5, 7, 23
List the prime factors of 13646.
2, 6823
What are the prime factors of 653?
653
List the prime factors of 30789.
3, 11, 311
List the prime factors of 4406.
2, 2203
What are the prime factors of 910?
2, 5, 7, 13
List the prime factors of 1709.
1709
What are the prime factors of 1411?
17, 83
What are the prime factors of 86538?
2, 3, 14423
What are the prime factors of 188?
2, 47
What are the prime factors of 26357?
26357
What are the prime factors of 8585?
5, 17, 101
What are the prime factors of 13982?
2, 6991
List the prime factors of 8181.
3, 101
What are the prime factors of 405?
3, 5
What are the prime factors of 11653?
43, 271
What are the prime factors of 120772?
2, 109, 277
What are the prime factors of 17101?
7, 349
List the prime factors of 7164.
2, 3, 199
What are the prime factors of 5533?
11, 503
List the prime factors of 5497.
23, 239
List the prime factors of 381.
3, 127
List the prime factors of 68602.
2, 34301
List the prime factors of 110445.
3, 5, 37, 199
List the prime factors of 427.
7, 61
What are the prime factors of 3284?
2, 821
What are the prime factors of 8037?
3, 19, 47
What are the prime factors of 34299?
3, 37, 103
List the prime factors of 94384.
2, 17, 347
List the prime factors of 379.
379
List the prime factors of 542.
2, 271
List the prime factors of 9819.
3, 1091
What are the prime factors of 12866?
2, 7, 919
List the prime factors of 27039.
3, 9013
What are the prime factors of 16752?
2, 3, 349
What are the prime factors of 1991?
11, 181
List the prime factors of 155.
5, 31
List the prime factors of 6148.
2, 29, 53
What are the prime factors of 1770?
2, 3, 5, 59
What are the prime factors of 761?
761
What are the prime factors of 934?
2, 467
What are the prime factors of 11801?
11801
What are the prime factors of 3101?
7, 443
What are the prime factors of 8540?
2, 5, 7, 61
What are the prime factors of 6394?
2, 23, 139
What are the prime factors of 7734?
2, 3, 1289
List the prime factors of 4776.
2, 3, 199
List the prime factors of 15107.
15107
What are the prime factors of 1152?
2, 3
List the prime factors of 51530.
2, 5, 5153
List the prime factors of 62534.
2, 31267
List the prime factors of 272.
2, 17
What are the prime factors of 1457?
31, 47
List the prime factors of 396.
2, 3, 11
What are the prime factors of 26901?
3, 7, 61
List the prime factors of 207.
3, 23
What are the prime factors of 664?
2, 83
List the prime factors of 17852.
2, 4463
List the prime factors of 2867.
47, 61
What are the prime factors of 1930?
2, 5, 193
List the prime factors of 944.
2, 59
List the prime factors of 637.
7, 13
What are the prime factors of 8562?
2, 3, 1427
What are the prime factors of 43559?
43, 1013
List the prime factors of 28200.
2, 3, 5, 47
List the prime factors of 235.
5, 47
What are the prime factors of 332?
2, 83
List the prime factors of 2603.
19, 137
What are the prime factors of 22422?
2, 3, 37, 101
What are the prime factors of 241?
241
List the prime factors of 9027.
3, 17, 59
What are the prime factors of 2115?
3, 5, 47
List the prime factors of 77694.
2, 3, 23, 563
List the prime factors of 12824.
2, 7, 229
What are the prime factors of 2521?
2521
List the prime factors of 1587.
3, 23
What are the prime factors of 6772?
2, 1693
What are the prime factors of 496?
2, 31
What are the prime factors of 71076?
2, 3, 5923
What are the prime factors of 8417?
19, 443
List the prime factors of 19196.
2, 4799
What are the prime factors of 164572?
2, 41143
What are the prime factors of 13779?
3, 1531
List the prime factors of 64409.
29, 2221
What are the prime factors of 9296?
2, 7, 83
List the prime factors of 959.
7, 137
What are the prime factors of 1078?
2, 7, 11
List the prime factors of 1028.
2, 257
List the prime factors of 562.
2, 281
List the prime factors of 92420.
2, 5, 4621
What are the prime factors of 1674?
2, 3, 31
List the prime factors of 25296.
2, 3, 17, 31
What are the prime factors of 33284?
2, 53, 157
What are the prime factors of 18530?
2, 5, 17, 109
What are the prime factors of 109125?
3, 5, 97
What are the prime factors of 3309?
3, 1103
List the prime factors of 1045.
5, 11, 19
List the prime factors of 44260.
2, 5, 2213
List the prime factors of 5747.
7, 821
List the prime factors of 1524.
2, 3, 127
What are the prime factors of 1261?
13, 97
What are the prime factors of 48308?
2, 13, 929
List the prime factors of 7398.
2, 3, 137
List the prime factors of 1349.
19, 71
List the prime factors of 4048.
2, 11, 23
What are the prime factors of 2854?
2, 1427
What are the prime factors of 1453?
1453
What are the prime factors of 2604?
2, 3, 7, 31
List the prime factors of 595.
5, 7, 17
What are the prime factors of 2379?
3, 13, 61
What are the prime factors of 21063?
3, 7, 17, 59
What are the prime fac